{"id":37,"date":"2021-01-03T15:00:45","date_gmt":"2021-01-03T14:00:45","guid":{"rendered":"http:\/\/www.laitenberger-kirchenmusik.de\/neu\/?page_id=37"},"modified":"2021-01-03T15:01:10","modified_gmt":"2021-01-03T14:01:10","slug":"37-2","status":"publish","type":"page","link":"http:\/\/www.laitenberger-kirchenmusik.de\/neu\/37-2\/","title":{"rendered":"Werkverzeichnis 1993"},"content":{"rendered":"\n<p><strong>Kompositionen seit 1970<br>und<br>Auswahl neu bearbeiteter \u00e4lterer Kompositionen<\/strong><\/p>\n\n\n\n<p>Das hier vorliegende Werkverzeichnis hat Theophil Laitenberger 1993 (ohne Durchnummerierung) zusammengestellt. Urauff\u00fchrungen sind nur zum Teil angegeben.<\/p>\n\n\n\n<p>Ein Werkverzeichnis\u00a0mit Werkeinf\u00fchrungen und \u2013kommentaren, die sich im Nachlass des Komponisten fanden &#8211;\u00a0 in seiner Pl\u00fcderhausener Zeit aus verschiedenen Anl\u00e4ssen entstanden, meist als Erl\u00e4uterungen f\u00fcr Auff\u00fchrungsprogramme, als Hinweise bei Zusendungen von Werken an potentiell Interessierte oder als Vorbemerkungen zu den Partituren &#8211; liegt vor in:<\/p>\n\n\n\n<p>Und nicht in Klagen enden &#8230;\u00a0Der Calwer Komponist Theophil Laitenberger. 1903-1996.<\/p>\n\n\n\n<p>Leben und Werk in Selbstzeugnissen. Kleine Reihe der Gro\u00dfen Kreisstadt Calw. Band 16. 2003.<\/p>\n\n\n\n<p>Die Publikation ist zu beziehen \u00fcber <\/p>\n\n\n\n<p><em>Stadtinformation Calw,\u00a0<\/em>Marktbr\u00fccke 1, 75365 Calw<\/p>\n\n\n\n<p>Telefon 07051-96880 \u00b7 E-Mail\u00a0<a href=\"mailto:stadtinfo@calw.de\">stadtinfo@calw.de<\/a><\/p>\n\n\n\n<p>oder \u00fcber den Buchhandel ISBN 3-9806875-7-0<\/p>\n\n\n\n<hr class=\"wp-block-separator\"\/>\n\n\n\n<p>Mit Ausnahme der im Verzeichnis mit einem * versehenen Nummern sind die Werke\u00a0beim <em>Verband Evangelische Kirchenmusik in W\u00fcrttemberg e.V.<\/em><\/p>\n\n\n\n<p>&#8211; Bibliothek &#8211;<\/p>\n\n\n\n<p>Gerokstra\u00dfe 19, 70184 Stuttgart<\/p>\n\n\n\n<p>Telefon 0711-237193412 \u00b7 Fax 0711-237193411<\/p>\n\n\n\n<p>E-Mail\u00a0<a href=\"mailto:bibliothek@kirchenmusik-wuerttemberg.de\">bibliothek@kirchenmusik-wuerttemberg.de<\/a><\/p>\n\n\n\n<p>vorhanden oder nachgewiesen.<\/p>\n\n\n\n<hr class=\"wp-block-separator\"\/>\n\n\n\n<p>Der musikalische Nachlass Th. Laitenbergers befindet sich im<\/p>\n\n\n\n<p><em><a href=\"https:\/\/www.calw.de\/stadtarchiv\/\">Stadtarchiv Calw<\/a><\/em>, Im Zwinger 20, 75365 Calw<\/p>\n\n\n\n<p>Telefon 07051-167260<\/p>\n","protected":false},"excerpt":{"rendered":"<p>Kompositionen seit 1970undAuswahl neu bearbeiteter \u00e4lterer Kompositionen Das hier vorliegende Werkverzeichnis hat Theophil Laitenberger 1993 (ohne Durchnummerierung) zusammengestellt. Urauff\u00fchrungen sind nur zum Teil angegeben. Ein Werkverzeichnis\u00a0mit Werkeinf\u00fchrungen und \u2013kommentaren, die sich im Nachlass des Komponisten fanden &#8211;\u00a0 in seiner Pl\u00fcderhausener Zeit aus verschiedenen Anl\u00e4ssen entstanden, meist als Erl\u00e4uterungen f\u00fcr Auff\u00fchrungsprogramme, als Hinweise bei Zusendungen von [&hellip;]<\/p>\n","protected":false},"author":2,"featured_media":0,"parent":0,"menu_order":0,"comment_status":"closed","ping_status":"closed","template":"","meta":{"footnotes":""},"class_list":["post-37","page","type-page","status-publish","hentry"],"_links":{"self":[{"href":"http:\/\/www.laitenberger-kirchenmusik.de\/neu\/wp-json\/wp\/v2\/pages\/37","targetHints":{"allow":["GET"]}}],"collection":[{"href":"http:\/\/www.laitenberger-kirchenmusik.de\/neu\/wp-json\/wp\/v2\/pages"}],"about":[{"href":"http:\/\/www.laitenberger-kirchenmusik.de\/neu\/wp-json\/wp\/v2\/types\/page"}],"author":[{"embeddable":true,"href":"http:\/\/www.laitenberger-kirchenmusik.de\/neu\/wp-json\/wp\/v2\/users\/2"}],"replies":[{"embeddable":true,"href":"http:\/\/www.laitenberger-kirchenmusik.de\/neu\/wp-json\/wp\/v2\/comments?post=37"}],"version-history":[{"count":2,"href":"http:\/\/www.laitenberger-kirchenmusik.de\/neu\/wp-json\/wp\/v2\/pages\/37\/revisions"}],"predecessor-version":[{"id":39,"href":"http:\/\/www.laitenberger-kirchenmusik.de\/neu\/wp-json\/wp\/v2\/pages\/37\/revisions\/39"}],"wp:attachment":[{"href":"http:\/\/www.laitenberger-kirchenmusik.de\/neu\/wp-json\/wp\/v2\/media?parent=37"}],"curies":[{"name":"wp","href":"https:\/\/api.w.org\/{rel}","templated":true}]}}