{"id":56,"date":"2021-01-03T19:48:23","date_gmt":"2021-01-03T18:48:23","guid":{"rendered":"http:\/\/www.laitenberger-kirchenmusik.de\/neu\/?page_id=56"},"modified":"2021-07-08T14:27:36","modified_gmt":"2021-07-08T12:27:36","slug":"solokantaten-sologesang-und-orgel","status":"publish","type":"page","link":"http:\/\/www.laitenberger-kirchenmusik.de\/neu\/solokantaten-sologesang-und-orgel\/","title":{"rendered":"Solokantaten &#8211; Sologesang und Orgel"},"content":{"rendered":"\n<figure class=\"wp-block-table is-style-stripes\"><table><tbody><tr><td>&nbsp;23.<\/td><td>&nbsp;Und nicht in Klagen enden &#8230; (1970)&nbsp;&nbsp;f\u00fcr mittlere Stimme, Streicher, kleinen Chor&nbsp;nach Texten von Manfred Hausmann, Reinhold Schneider und Bernt von Heiseler<\/td><td>12 Min.&nbsp;<\/td><\/tr><tr><td>24.&nbsp;<\/td><td>Tr\u00f6stungen&nbsp;<br>Zweitfassung zu&nbsp;&#8222;Und nicht in Klagen enden&#8220;<\/td><td>8 Min.<\/td><\/tr><tr><td>25.<\/td><td>Psalm 126 (1975)<br>f\u00fcr hohe Stimme und Orgel<\/td><td>8 Min.<\/td><\/tr><tr><td>&nbsp;26.<\/td><td>Herr, sei mir gn\u00e4dig (Verse aus Psalm 31) (1984)<br>f\u00fcr Bariton, 2 Violinen und Cello<\/td><td>7 Min.<\/td><\/tr><tr><td>27.<\/td><td>&nbsp;&nbsp;Hochzeitlicher Gesang (1985)&nbsp;<br>(Text Hermann Claudius)<br>&nbsp;&nbsp;&nbsp;&nbsp;f\u00fcr Alt, Tenor und Tasteninstrument&nbsp;&nbsp;&nbsp;&nbsp;&nbsp;&nbsp;&nbsp;&nbsp;&nbsp;&nbsp;&nbsp;&nbsp;&nbsp;&nbsp;&nbsp;&nbsp;&nbsp;&nbsp;&nbsp;&nbsp;&nbsp;&nbsp;&nbsp;&nbsp;&nbsp;&nbsp;&nbsp;&nbsp;&nbsp;&nbsp;&nbsp;&nbsp;&nbsp;&nbsp;&nbsp;&nbsp;&nbsp;&nbsp;&nbsp;&nbsp;&nbsp;&nbsp;&nbsp;&nbsp;&nbsp;&nbsp;&nbsp;&nbsp;&nbsp;&nbsp;&nbsp;&nbsp;&nbsp;&nbsp;&nbsp;&nbsp;&nbsp;&nbsp;&nbsp;&nbsp;&nbsp;&nbsp;&nbsp;&nbsp;&nbsp;<\/td><td>3 Min.<\/td><\/tr><tr><td>&nbsp;28.<\/td><td>Psalm 75 (1987)&nbsp;<br>f\u00fcr Bariton, Violine und Orgel<\/td><td>7 Min.<\/td><\/tr><tr><td>29.<br><br>29.a<br>29.b<\/td><td>&nbsp;&nbsp;&nbsp;Zwei Choralmusiken zur Weihnachtszeit (1990)<br>&nbsp; f\u00fcr Sopran oder Tenor und Orgel<br> &#8211;&nbsp;In dulci jubilo <br> &#8211; Herr Christ, der einig Gotts Sohn <\/td><td><br><br>3\u00bd&nbsp;Min.<br>6 Min.<\/td><\/tr><\/tbody><\/table><\/figure>\n\n\n\n<p><\/p>\n","protected":false},"excerpt":{"rendered":"<p>&nbsp;23. &nbsp;Und nicht in Klagen enden &#8230; (1970)&nbsp;&nbsp;f\u00fcr mittlere Stimme, Streicher, kleinen Chor&nbsp;nach Texten von Manfred Hausmann, Reinhold Schneider und Bernt von Heiseler 12 Min.&nbsp; 24.&nbsp; Tr\u00f6stungen&nbsp;Zweitfassung zu&nbsp;&#8222;Und nicht in Klagen enden&#8220; 8 Min. 25. Psalm 126 (1975)f\u00fcr hohe Stimme und Orgel 8 Min. &nbsp;26. Herr, sei mir gn\u00e4dig (Verse aus Psalm 31) (1984)f\u00fcr Bariton, [&hellip;]<\/p>\n","protected":false},"author":2,"featured_media":0,"parent":0,"menu_order":0,"comment_status":"closed","ping_status":"closed","template":"","meta":{"footnotes":""},"class_list":["post-56","page","type-page","status-publish","hentry"],"_links":{"self":[{"href":"http:\/\/www.laitenberger-kirchenmusik.de\/neu\/wp-json\/wp\/v2\/pages\/56","targetHints":{"allow":["GET"]}}],"collection":[{"href":"http:\/\/www.laitenberger-kirchenmusik.de\/neu\/wp-json\/wp\/v2\/pages"}],"about":[{"href":"http:\/\/www.laitenberger-kirchenmusik.de\/neu\/wp-json\/wp\/v2\/types\/page"}],"author":[{"embeddable":true,"href":"http:\/\/www.laitenberger-kirchenmusik.de\/neu\/wp-json\/wp\/v2\/users\/2"}],"replies":[{"embeddable":true,"href":"http:\/\/www.laitenberger-kirchenmusik.de\/neu\/wp-json\/wp\/v2\/comments?post=56"}],"version-history":[{"count":5,"href":"http:\/\/www.laitenberger-kirchenmusik.de\/neu\/wp-json\/wp\/v2\/pages\/56\/revisions"}],"predecessor-version":[{"id":246,"href":"http:\/\/www.laitenberger-kirchenmusik.de\/neu\/wp-json\/wp\/v2\/pages\/56\/revisions\/246"}],"wp:attachment":[{"href":"http:\/\/www.laitenberger-kirchenmusik.de\/neu\/wp-json\/wp\/v2\/media?parent=56"}],"curies":[{"name":"wp","href":"https:\/\/api.w.org\/{rel}","templated":true}]}}