{"id":59,"date":"2021-01-03T20:03:03","date_gmt":"2021-01-03T19:03:03","guid":{"rendered":"http:\/\/www.laitenberger-kirchenmusik.de\/neu\/?page_id=59"},"modified":"2021-07-08T14:39:04","modified_gmt":"2021-07-08T12:39:04","slug":"motetten","status":"publish","type":"page","link":"http:\/\/www.laitenberger-kirchenmusik.de\/neu\/motetten\/","title":{"rendered":"Motetten"},"content":{"rendered":"\n<figure class=\"wp-block-table is-style-stripes\"><table><tbody><tr><td>&nbsp;30.<\/td><td class=\"has-text-align-left\" data-align=\"left\">Warum l\u00e4ssest du uns, Herr, irren (1971) <br>(Jesaja 63, V.17,19; Jesaja 64, V.1-4)<br>4stimmig mit Orgel und Pauke <br>ehem. Verlag D\u00f6ring<br>[Urauff\u00fchrung 1975 in Heilbronn, KMD Hermann Rau]<\/td><\/tr><tr><td>&nbsp;31.<\/td><td class=\"has-text-align-left\" data-align=\"left\">Freuet euch des Herrn, ihr Gerechten (1971)<br> (Psalm 33, V.1,3,4)<br>4stimmig mit 2 Violinen und Cello<br>ehem. Verlag D\u00f6ring<\/td><\/tr><tr><td><br>32.\u00a0<br>32.a<br>32.b<br>32.c<br><br><br><\/td><td class=\"has-text-align-left\" data-align=\"left\">Drei Spruchmotetten (1975)<br>&#8211; Hebet eure Augen auf zum Himmel (Jesaja 51, V.6), 6stimmig<br>&#8211; Wenn uns unser Herz verdammt (1. Joh. 3, V.20), 4stimmig<br>&#8211; Wir aber haben nichts mit dem Kleinmut zu tun (Hebr. 10, V.39), 4stimmig<br><em>ehem. Verlag D\u00f6ring<br>[Urauff\u00fchrung 1990 im S\u00fcddeutschen Rundfunk; S\u00fcdfunkchor, Prof. H. Wolf]<\/em><\/td><\/tr><tr><td>33.<br>33.a<br>33.b<\/td><td class=\"has-text-align-left\" data-align=\"left\"><br>Zwei Motetten zum Ewigkeitssonntag (1981)<br>&#8211; Die Welt vergeht mit ihrer Lust (1. Joh. 2, V.17), 4stimmig<br>&#8211; Es wird aber des Herrn Tag kommen (2. Petr. 3, V.10,13,14), 4stimmig<em><br>[Urauff\u00fchrung 1993 in Calw, Johannes Sorg]<\/em><\/td><\/tr><tr><td>\u00a034.<br>34.a<br>34.b<br>34.c<\/td><td class=\"has-text-align-left\" data-align=\"left\">Drei Psalmspr\u00fcche (1986)<br>&#8211; Gott, der Herr, der M\u00e4chtige, redet (Psalm 50, V.1), 4stimmig<br>&#8211; Der Herr ist mein Licht und mein Heil (Psalm 27, V.1), 4stimmig<br>&#8211; Ich will dir ein Freudenopfer tun (Psalm 54, V.8), 4stimmig<\/td><\/tr><tr><td>35.<\/td><td class=\"has-text-align-left\" data-align=\"left\">In der Welt habt ihr Angst (1992) (Joh. 16, V.33) 6stimmig <br><em>[Urauff\u00fchrung 1992 durch capella vallensis Wiesensteig, Peter Skobowsky]<\/em><\/td><\/tr><tr><td>36.<\/td><td class=\"has-text-align-left\" data-align=\"left\">Der Herr hat verhei\u00dfen (1937) <br>(Psalm 48, V.9; Psalm 43, V.3,4) <br>6stimmig<br><em>[Auff\u00fchrungen in Calw und Esslingen]<\/em><\/td><\/tr><tr><td>37.<\/td><td class=\"has-text-align-left\" data-align=\"left\">Mir ist gegeben alle Gewalt (1947) <br>5stimmig<br><em>[Auff\u00fchrung auf dem Landeskirchenmusikfest 1948 in T\u00fcbingen]<\/em><\/td><\/tr><tr><td>38.<br>38.a<br>38.b<br>38.c<br>38.d<br>38.e<br>38.f<\/td><td class=\"has-text-align-left\" data-align=\"left\"><br><br>Sechs vierstimmige Spruchmotetten (1949)<br>&#8211; Es wartet alles auf dich (Psalm 104, V.27,28)<br>&#8211; Wenn mein Geist in \u00c4ngsten ist (Psalm 142, V.4)<br>&#8211; Seid geduldig und st\u00e4rket eure Herzen (Jak. 5, V.8)<br>&#8211; So seid nun wach allezeit (Luk. 21, V.36)<br>&#8211; Man soll keinen Frevel mehr h\u00f6ren in deinem Lande (Jes. 60, V.18)<br>&#8211; Ich will dir ein Freudenopfer tun (Psalm 54, V.8)<br><em>[Auff\u00fchrung einzelner Motetten in Calw (unter Leitung des Komponisten), Heilbronn (Professor Fritz Werner), Kirchheim\/Teck (KMD Ernst Leuze) und Schorndorf (KMD Gerhard Bornefeld)]<\/em><\/td><\/tr><tr><td>39.<\/td><td class=\"has-text-align-left\" data-align=\"left\">Unbekannte Jesusworte (1954) 4stimmig (*)<br><em>[Urauff\u00fchrung 1954 im S\u00fcdwestfunk (Ev. Morgenfeier)]<\/em><\/td><\/tr><tr><td>40.<br>40.a<br>40.b<br>40.c<\/td><td class=\"has-text-align-left\" data-align=\"left\">Einzelstehende kleinere Motetten (*)<br>&#8211; Niemand hat Gott je gesehen (1. Joh. 4, V.12-14), 4stimmig (1971)<br>&#8211; Sorge im Herzen bedr\u00fcckt den Menschen (Spr\u00fcche 12, V.25), 3-6stimmig (1975)<br>&#8211; Ich habe mein Angesicht vor dir verborgen (Jes. 54, V.8), 5stimmig (1975)<\/td><\/tr><\/tbody><\/table><\/figure>\n","protected":false},"excerpt":{"rendered":"<p>&nbsp;30. Warum l\u00e4ssest du uns, Herr, irren (1971) (Jesaja 63, V.17,19; Jesaja 64, V.1-4)4stimmig mit Orgel und Pauke ehem. Verlag D\u00f6ring[Urauff\u00fchrung 1975 in Heilbronn, KMD Hermann Rau] &nbsp;31. Freuet euch des Herrn, ihr Gerechten (1971) (Psalm 33, V.1,3,4)4stimmig mit 2 Violinen und Celloehem. Verlag D\u00f6ring 32.\u00a032.a32.b32.c Drei Spruchmotetten (1975)&#8211; Hebet eure Augen auf zum Himmel [&hellip;]<\/p>\n","protected":false},"author":2,"featured_media":0,"parent":0,"menu_order":0,"comment_status":"closed","ping_status":"closed","template":"","meta":{"footnotes":""},"class_list":["post-59","page","type-page","status-publish","hentry"],"_links":{"self":[{"href":"http:\/\/www.laitenberger-kirchenmusik.de\/neu\/wp-json\/wp\/v2\/pages\/59","targetHints":{"allow":["GET"]}}],"collection":[{"href":"http:\/\/www.laitenberger-kirchenmusik.de\/neu\/wp-json\/wp\/v2\/pages"}],"about":[{"href":"http:\/\/www.laitenberger-kirchenmusik.de\/neu\/wp-json\/wp\/v2\/types\/page"}],"author":[{"embeddable":true,"href":"http:\/\/www.laitenberger-kirchenmusik.de\/neu\/wp-json\/wp\/v2\/users\/2"}],"replies":[{"embeddable":true,"href":"http:\/\/www.laitenberger-kirchenmusik.de\/neu\/wp-json\/wp\/v2\/comments?post=59"}],"version-history":[{"count":3,"href":"http:\/\/www.laitenberger-kirchenmusik.de\/neu\/wp-json\/wp\/v2\/pages\/59\/revisions"}],"predecessor-version":[{"id":248,"href":"http:\/\/www.laitenberger-kirchenmusik.de\/neu\/wp-json\/wp\/v2\/pages\/59\/revisions\/248"}],"wp:attachment":[{"href":"http:\/\/www.laitenberger-kirchenmusik.de\/neu\/wp-json\/wp\/v2\/media?parent=59"}],"curies":[{"name":"wp","href":"https:\/\/api.w.org\/{rel}","templated":true}]}}