{"id":83,"date":"2021-01-04T16:42:33","date_gmt":"2021-01-04T15:42:33","guid":{"rendered":"http:\/\/www.laitenberger-kirchenmusik.de\/neu\/?page_id=83"},"modified":"2021-07-08T15:16:42","modified_gmt":"2021-07-08T13:16:42","slug":"kammermusik","status":"publish","type":"page","link":"http:\/\/www.laitenberger-kirchenmusik.de\/neu\/kammermusik\/","title":{"rendered":"Kammermusik"},"content":{"rendered":"\n<figure class=\"wp-block-table is-style-stripes\"><table><tbody><tr><td>&nbsp;90.<\/td><td>Variationen \u00fcber ein Thema nach G. Frescobaldi (1978)<br>f\u00fcr Bratsche und Klavier [vgl. Nr. 58.]\u00a0<br><em>[Urauff\u00fchrung 1987 in Pl\u00fcderhausen;\u00a0<br>Vidor Nagy (Viola), G\u00fcnter Schmidt (Klavier)]<\/em><\/td><td>11 Min.<\/td><\/tr><tr><td>91.<\/td><td>Variationen \u00fcber eine Weise aus dem 16. Jahrhundert (1979)<br>f\u00fcr Blockfl\u00f6tenquartett<br><em>[Urauff\u00fchrung 1979 in der Deutschen Ev. Kirchengemeinde Lissabon]<\/em><\/td><td>10 Min.<\/td><\/tr><tr><td>92.<\/td><td>Pastorale G-Dur (1979) f\u00fcr Blockfl\u00f6ten- oder Streichquartett<\/td><td>3\u00bc Min.<\/td><\/tr><tr><td>93.&nbsp;<\/td><td>Sonatine C-Dur (1981) f\u00fcr Sopran-, Altblockfl\u00f6te und Klavier<\/td><td>8 Min.<\/td><\/tr><tr><td>94.<\/td><td>Andante c-moll (1982)f\u00fcr 2 Violinen (Fl\u00f6te und Violine) und Orgel<\/td><td>4 Min.<\/td><\/tr><tr><td>95.&nbsp;<\/td><td>Choralpartita &#8222;O Traurigkeit, o Herzeleid&#8220; (1982) f\u00fcr Streichorchester<br><em>[Urauff\u00fchrung 1983 Stiftskirche Stuttgart,\u00a0<br>Jugend-Kammerorchester Stuttgart, Charlotte Azone-von Cube]<\/em><\/td><td>7 Min.<\/td><\/tr><tr><td>96.<\/td><td>Suite in d (Umarbeitung der Klaviersuite Nr. 89) (1982)<br>f\u00fcr Streichorchester<br><em>[Auff\u00fchrungen in Bonn (1983), Stuttgart, Pl\u00fcderhausen]<\/em><\/td><td>9 Min.<\/td><\/tr><tr><td>97.<\/td><td>Drei Fantasien zu alten T\u00e4nzen (1983)f\u00fcr Streichorchester<\/td><td>13 Min.<\/td><\/tr><tr><td>98.<\/td><td>Konzert Es-Dur (1983) f\u00fcr Holzbl\u00e4ser und Streicher\u00a0<br><em>[Urauff\u00fchrung 1984 in Schloss Solitude, Stuttgart;<br>Pro Musica Stuttgart, J\u00fcrgen Klenk;<br>mehrmals im S\u00fcddeutschen Rundfunk] [vgl. Nr. 61.]<\/em><\/td><td>12 Min.<\/td><\/tr><tr><td>99.<\/td><td>Dialoge in sechs S\u00e4tzen (1985)<br>f\u00fcr Klarinette, Streichorchester und Pauken<\/td><td>15 Min.<\/td><\/tr><tr><td>100.<\/td><td>Choralsonate &#8222;Ist Gott f\u00fcr mich&#8220; (1986)<br>f\u00fcr Horn und Streichorchester (aus Horn und Orgel) [vgl. Nr. 60.]\u00a0<\/td><td>7 Min.<\/td><\/tr><tr><td>101.<\/td><td>Suite in d-moll (Umarbeitung 1990)<br>f\u00fcr Violine (Fl\u00f6te) und Klavier<\/td><td>11 Min.<\/td><\/tr><tr><td>102.<\/td><td>Suite in A-Dur (1941) f\u00fcr Violine, Cello und Klavier (*)<\/td><td><\/td><\/tr><tr><td>103.<\/td><td>Sonate F-Dur (1991) f\u00fcr Horn und Streichorchester<br>(Umarbeitung der Sonate f\u00fcr Horn und Orgel, vgl. Nr. 64.)<br><em>[Urauff\u00fchrung 1993 in Calw;<br>Kammersinfonie Calw (Christof Harr), Horn: Michael Hoeltzel]<\/em><\/td><td>9 Min.<\/td><\/tr><\/tbody><\/table><\/figure>\n","protected":false},"excerpt":{"rendered":"<p>&nbsp;90. Variationen \u00fcber ein Thema nach G. Frescobaldi (1978)f\u00fcr Bratsche und Klavier [vgl. Nr. 58.]\u00a0[Urauff\u00fchrung 1987 in Pl\u00fcderhausen;\u00a0Vidor Nagy (Viola), G\u00fcnter Schmidt (Klavier)] 11 Min. 91. Variationen \u00fcber eine Weise aus dem 16. Jahrhundert (1979)f\u00fcr Blockfl\u00f6tenquartett[Urauff\u00fchrung 1979 in der Deutschen Ev. Kirchengemeinde Lissabon] 10 Min. 92. Pastorale G-Dur (1979) f\u00fcr Blockfl\u00f6ten- oder Streichquartett 3\u00bc Min. [&hellip;]<\/p>\n","protected":false},"author":2,"featured_media":0,"parent":0,"menu_order":0,"comment_status":"closed","ping_status":"closed","template":"","meta":{"footnotes":""},"class_list":["post-83","page","type-page","status-publish","hentry"],"_links":{"self":[{"href":"http:\/\/www.laitenberger-kirchenmusik.de\/neu\/wp-json\/wp\/v2\/pages\/83","targetHints":{"allow":["GET"]}}],"collection":[{"href":"http:\/\/www.laitenberger-kirchenmusik.de\/neu\/wp-json\/wp\/v2\/pages"}],"about":[{"href":"http:\/\/www.laitenberger-kirchenmusik.de\/neu\/wp-json\/wp\/v2\/types\/page"}],"author":[{"embeddable":true,"href":"http:\/\/www.laitenberger-kirchenmusik.de\/neu\/wp-json\/wp\/v2\/users\/2"}],"replies":[{"embeddable":true,"href":"http:\/\/www.laitenberger-kirchenmusik.de\/neu\/wp-json\/wp\/v2\/comments?post=83"}],"version-history":[{"count":3,"href":"http:\/\/www.laitenberger-kirchenmusik.de\/neu\/wp-json\/wp\/v2\/pages\/83\/revisions"}],"predecessor-version":[{"id":282,"href":"http:\/\/www.laitenberger-kirchenmusik.de\/neu\/wp-json\/wp\/v2\/pages\/83\/revisions\/282"}],"wp:attachment":[{"href":"http:\/\/www.laitenberger-kirchenmusik.de\/neu\/wp-json\/wp\/v2\/media?parent=83"}],"curies":[{"name":"wp","href":"https:\/\/api.w.org\/{rel}","templated":true}]}}